7261 composite?
True
Is 5326044077 composite?
True
Is 4283989319 prime?
True
Is 4582214753 a prime number?
True
Is 106153699 composite?
False
Is 264545074 composite?
True
Is 2490467341 a prime number?
True
Is 1947973177 composite?
False
Is 450082169 a composite number?
False
Is 68940407 composite?
True
Is 16638755377 a composite number?
True
Is 2432328287 a composite number?
False
Is 20559828623 prime?
False
Is 58875317 composite?
False
Is 19397457511 a prime number?
False
Is 430591531 a composite number?
False
Is 5045343197 prime?
False
Is 428598293 composite?
True
Is 3346532243 composite?
True
Is 1105256077 composite?
True
Is 37026169123 composite?
False
Is 20040594947 a prime number?
False
Is 2486680919 a prime number?
False
Is 5192229683 a composite number?
True
Is 730354567 prime?
False
Is 63132587351 a composite number?
True
Is 281192713 composite?
True
Is 7797356129 a composite number?
True
Is 1723478411 prime?
False
Is 4292702591 a prime number?
True
Is 19693111 a composite number?
False
Is 1375770233 prime?
True
Is 20643367523 composite?
False
Is 949887503 composite?
True
Is 11243324431 composite?
True
Is 191144303 a prime number?
False
Is 6561766963 composite?
True
Is 3506346367 composite?
True
Is 1084955173 a prime number?
False
Is 3415438849 composite?
True
Is 950621641 composite?
False
Is 78920189 prime?
True
Is 876098089 a prime number?
True
Is 504175037 composite?
False
Is 3437798901 a composite number?
True
Is 52721702479 a prime number?
True
Is 1227428571 composite?
True
Is 23917889 composite?
False
Is 49031445403 composite?
False
Is 881963111 a composite number?
True
Is 28553110463 a prime number?
True
Is 6309131 composite?
True
Is 64374996503 a composite number?
True
Is 5287946633 a prime number?
True
Is 535620179 prime?
True
Is 7338821717 composite?
False
Is 7847253173 prime?
False
Is 7196480257 a composite number?
False
Is 556059809 composite?
True
Is 12248851309 a composite number?
True
Is 156217991 prime?
True
Is 72038499521 prime?
False
Is 142129019173 composite?
False
Is 35611344859 prime?
True
Is 520035667 composite?
False
Is 1216692073 a prime number?
True
Is 34517175985 a composite number?
True
Is 118932519065 a composite number?
True
Is 38398994417 a prime number?
False
Is 37389133183 composite?
False
Is 8919908021 a composite number?
True
Is 32378914127 prime?
False
Is 2176064071 a prime number?
True
Is 8319959327 prime?
True
Is 379775909 a prime number?
False
Is 454594947 composite?
True
Is 5514471901 prime?
False
Is 116344936009 a prime number?
True
Is 9437893823 composite?
True
Is 20063612411 composite?
True
Is 995046893 a prime number?
False
Is 993443119 prime?
True
Is 3733187905 a composite number?
True
Is 691417199 prime?
False
Is 6329380157 a prime number?
True
Is 10091745281 composite?
False
Is 1115007479 composite?
False
Is 1106552351 a prime number?
True
Is 20269136647 a prime number?
True
Is 257947733 composite?
False
Is 4675875977 composite?
True
Is 2756579723 composite?
False
Is 125341807 a prime number?
False
Is 84827906371 a prime number?
False
Is 924081913 composite?
False
Is 154014503 prime?
False
Is 1578890507 a prime number?
True
Is 123708833407 a prime number?
True
Is 1149673363 prime?
True
Is 9695107237 a prime number?
True
Is 57163328897 composite?
False
Is 101819449669 a composite number?
True
Is 883932017 a composite number?
True
Is 2038889911 a composite number?
False
Is 469127717 prime?
True
Is 1541938921 composite?
True
Is 3260198218 a prime number?
False
Is 113548619419 composite?
False
Is 93110126903 a prime number?
False
Is 69724882477 prime?
True
Is 1248487507 composite?
False
Is 2694969967 a composite number?
False
Is 4562410303 a composite number?
True
Is 6873769235 prime?
False
Is 426401281 composite?
True
Is 3130594667 a prime number?
False
Is 4584187079 prime?
False
Is 70503103 composite?
True
Is 2712945689 prime?
True
Is 711593749 a composite number?
True
Is 56878078051 prime?
False
Is 304548383 prime?
False
Is 9618468001 prime?
True
Is 3679745803 a composite number?
True
Is 12048341962 a prime number?
False
Is 19187329899 a prime number?
False
Is 29635313 prime?
False
Is 6259024297 a composite number?
False
Is 3118880371 a composite number?
True
Is 4555987921 composite?
False
Is 19012083733 a composite number?
True
Is 673914419 a prime number?
True
Is 118191421 composite?
False
Is 1557501683 prime?
False
Is 1996239653 composite?
True
Is 5447177023 a composite number?
True
Is 910791151 prime?
True
Is 9457136201 prime?
True
Is 25606700759 prime?
False
Is 1507526093 a composite number?
False
Is 2987298277 a prime number?
False
Is 186043799 a composite number?
True
Is 10359197153 a composite number?
False
Is 797997946 composite?
True
Is 6992285393 composite?
True
Is 93800668127 composite?
True
Is 668543573 a prime number?
False
Is 486199027 composite?
True
Is 9746973227 a prime number?
False
Is 1014332089 composite?
False
Is 852929089 a prime number?
True
Is 2102906983 prime?
False
Is 18337999913 composite?
False
Is 5675070737 prime?
False
Is 13378372261 composite?
False
Is 413682859 composite?
False
Is 111862677991 prime?
False
Is 1377767867 prime?
False
Is 13808998337 composite?
True
Is 30899519383 composite?
False
Is 48542804881 composite?
False
Is 31309583677 a prime number?
True
Is 1975056439 composite?
False
Is 93684570599 prime?
True
Is 65908784621 a composite number?
True
Is 88289401 composite?
True
Is 3318035411 prime?
False
Is 4204833863 a prime number?
False
Is 85974381583 prime?
True
Is 3725099207 prime?
False
Is 4627535801 a prime number?
False
Is 8588536449 prime?
False
Is 6748858453 prime?
False
Is 4574217779 prime?
True
Is 1766363329 a prime number?
False
Is 2446849001 prime?
True
Is 54942341 prime?
True
Is 111859117 a composite number?
True
Is 265370141 prime?
False
Is 3337911235 a composite number?
True
Is 1814409033 a prime number?
False
Is 207891571 prime?
True
Is 9179709937 composite?
False
Is 8397246889 a composite number?
True
Is 30756263 composite?
False
Is 1813280681 a prime number?
False
Is 716962783 a composite number?
False
Is 383635369 a prime number?
False
Is 218993063 prime?
False
Is 2033519093 prime?
True
Is 36239649353 composite?
False
Is 806319593 a composite number?
True
Is 5227568071 composite?
True
Is 14165079061 a composite number?
True
Is 908192863 prime?
False
Is 1491121081 prime?
False
Is 40728347089 a composite number?
False
Is 370920037511 a composite number?
False
Is 1408117903 composite?
False
Is 53407363 a prime number?
False
Is 8859061187 composite?
False
Is 18588235983 composite?
True
Is 219919103819 a composite number?
False
Is 1778542991 a composite number?
False
Is 8053011331 a prime number?
False
Is 2217179471 prime?
False
Is 3825747559 a composite number?
False
Is 41910091 a prime number?
True
Is 8091539969 prime?
True
Is 864676733 a composite number?
True
Is 461602517 a composite number?
True
Is 2063274611 a composite number?
True
Is 202151863 prime?
True
Is 812021339 composite?
False
Is 358737972371 prime?
True
Is 1838708951 composite?
True
Is 7863320679 prime?
False
Is 2711380319 composite?
True
Is 6783353 a composite number?
False
Is 255349993 composite?
True
Is 13838673613 composite?
False
Is 4565470813 composite?
True
Is 2741340361 prime?
True
Is 31936953673 prime?
False
Is 24725154859 composite?
True
Is 676106867 a prime number?
True
Is 86784149 prime?
False
Is 1904625259 prime?
False
Is 2432953157 composite?
True
Is 696894251 prime?
False
Is 95785258 prime?
False
Is 71542529 composite?
True
Is 5236537165 a composite number?
True
Is 3503789551 a prime number?
True
Is 411387995 prime?
False
Is 2576913267 composite?
True
Is 406232353 a composite number?
False
Is 136722793 a prime number?
True
Is 78730092303 a prime number?
False
Is 407167409 prime?
False
Is 870446603 a prime number?
False
Is 57331109177 prime?
True
Is 63028111771 a composite number?
False
Is 305423323 prime?
True
Is 222653729 a prime number?
False
Is 2751132701 a composite number?
True
Is 1020885757 a prime number?
False
Is 3482917777 a prime number?
False
Is 78473205913 a prime number?
False
Is 14381857885 a composite number?
True
Is 326176813333 a composite number?
True
Is 3110184587 composite?
True
Is 431923501 a composite number?
False
Is 68546714 